{"id":9,"date":"2016-01-01T13:39:24","date_gmt":"2016-01-01T13:39:24","guid":{"rendered":"http:\/\/192.168.1.202:90\/?page_id=9"},"modified":"2026-01-07T21:52:27","modified_gmt":"2026-01-07T19:52:27","slug":"kontaktai","status":"publish","type":"page","link":"https:\/\/www.paupionotaras.lt\/index.php\/kontaktai\/","title":{"rendered":"Kontaktai"},"content":{"rendered":"<div>\n<figure><img loading=\"lazy\" decoding=\"async\" class=\"alignleft wp-image-354 \" src=\"https:\/\/www.paupionotaras.lt\/wp-content\/uploads\/2024\/02\/DSC_1575-200x300.jpg\" alt=\"\" width=\"223\" height=\"335\" srcset=\"https:\/\/www.paupionotaras.lt\/wp-content\/uploads\/2024\/02\/DSC_1575-200x300.jpg 200w, https:\/\/www.paupionotaras.lt\/wp-content\/uploads\/2024\/02\/DSC_1575.jpg 413w\" sizes=\"auto, (max-width: 223px) 100vw, 223px\" \/><\/figure>\n<\/div>\n<div style=\"float: left;\">\n<h4><strong>Notar\u0117\u00a0Vykinta Jokantait\u0117-Birbilien\u0117<\/strong><\/h4>\n<p><span style=\"font-size: revert; font-family: inherit; font-weight: inherit; text-align: initial; color: initial;\">Tel.: +370 630 00793<\/span><\/p>\n<p>El. pa\u0161tas: <a href=\"mailto:vykinta.birbiliene@notarai.lt\">vykinta.birbiliene@notarai.lt<\/a><\/p>\n<p style=\"text-align: left;\">Auk\u0161tai\u010di\u0173 g. 10-138,<br \/><span style=\"font-size: revert; color: initial;\">LT-11341 Vilnius<\/span><\/p>\n<\/div>\n<div style=\"clear: left; height: 60px;\">\u00a0<\/div>\n<div style=\"float: left;\"><iframe loading=\"lazy\" style=\"border: 0;\" src=\"https:\/\/www.google.com\/maps\/embed?pb=!1m18!1m12!1m3!1d2306.7231610729855!2d25.298883277692415!3d54.679300874159054!2m3!1f0!2f0!3f0!3m2!1i1024!2i768!4f13.1!3m3!1m2!1s0x46dd95003d8f1a85%3A0xf227bdcb2d344fdc!2sVilniaus%20m.%2012-asis%20notaro%20biuras!5e0!3m2!1slt!2slt!4v1707251679410!5m2!1slt!2slt\" width=\"600\" height=\"450\" allowfullscreen=\"allowfullscreen\"><\/iframe><\/div>\n<div style=\"clear: left; height: 60px;\">\u00a0<\/div>\n<div><img loading=\"lazy\" decoding=\"async\" class=\" wp-image-416 alignleft\" src=\"https:\/\/www.paupionotaras.lt\/wp-content\/uploads\/2024\/03\/parking.png\" alt=\"\" width=\"53\" height=\"53\" srcset=\"https:\/\/www.paupionotaras.lt\/wp-content\/uploads\/2024\/03\/parking.png 152w, https:\/\/www.paupionotaras.lt\/wp-content\/uploads\/2024\/03\/parking-150x150.png 150w\" sizes=\"auto, (max-width: 53px) 100vw, 53px\" \/><\/div>\n<div style=\"height: 60px;\">Automobil\u012f galite parkuoti Paupio turgaus po\u017eemin\u0117je stov\u0117jimo aik\u0161tel\u0117je, Auk\u0161tai\u010di\u0173 g. 7 arba vie\u0161ose parkavimo vietose Auk\u0161tai\u010di\u0173 g. greta biuro.<\/div>\n\n\n<p><\/p>\n","protected":false},"excerpt":{"rendered":"<p>Notar\u0117\u00a0Vykinta Jokantait\u0117-Birbilien\u0117 Tel.: +370 630 00793 El. pa\u0161tas: vykinta.birbiliene@notarai.lt Auk\u0161tai\u010di\u0173 g. 10-138,LT-11341 Vilnius \u00a0 \u00a0 Automobil\u012f galite parkuoti Paupio turgaus po\u017eemin\u0117je stov\u0117jimo aik\u0161tel\u0117je, Auk\u0161tai\u010di\u0173 g. 7 arba vie\u0161ose parkavimo vietose Auk\u0161tai\u010di\u0173 g. greta biuro.<\/p>\n","protected":false},"author":1,"featured_media":0,"parent":0,"menu_order":0,"comment_status":"closed","ping_status":"closed","template":"","meta":{"_exactmetrics_skip_tracking":false,"_exactmetrics_sitenote_active":false,"_exactmetrics_sitenote_note":"","_exactmetrics_sitenote_category":0,"footnotes":""},"class_list":["post-9","page","type-page","status-publish","hentry"],"yoast_head":"<!-- This site is optimized with the Yoast SEO plugin v21.8 - https:\/\/yoast.com\/wordpress\/plugins\/seo\/ -->\n<title>Kontaktai - Vilniaus m. 12-asis notaro biuras<\/title>\n<meta name=\"description\" content=\"Notar\u0117\u00a0Vykinta Jokantait\u0117-Birbilien\u0117, kontaktai: +370 630 00793, vykinta.birbiliene@notarai.lt, Auk\u0161tai\u010di\u0173 g. 10-138,\u00a0LT-11341 Vilnius, Paupys\" \/>\n<meta name=\"robots\" content=\"index, follow, max-snippet:-1, max-image-preview:large, max-video-preview:-1\" \/>\n<link rel=\"canonical\" href=\"https:\/\/www.paupionotaras.lt\/index.php\/kontaktai\/\" \/>\n<meta property=\"og:locale\" content=\"lt_LT\" \/>\n<meta property=\"og:type\" content=\"article\" \/>\n<meta property=\"og:title\" content=\"Kontaktai - Vilniaus m. 12-asis notaro biuras\" \/>\n<meta property=\"og:description\" content=\"Notar\u0117\u00a0Vykinta Jokantait\u0117-Birbilien\u0117, kontaktai: +370 630 00793, vykinta.birbiliene@notarai.lt, Auk\u0161tai\u010di\u0173 g. 10-138,\u00a0LT-11341 Vilnius, Paupys\" \/>\n<meta property=\"og:url\" content=\"https:\/\/www.paupionotaras.lt\/index.php\/kontaktai\/\" \/>\n<meta property=\"og:site_name\" content=\"Vilniaus m. 12-asis notaro biuras\" \/>\n<meta property=\"article:modified_time\" content=\"2026-01-07T19:52:27+00:00\" \/>\n<meta property=\"og:image\" content=\"https:\/\/www.paupionotaras.lt\/wp-content\/uploads\/2024\/02\/DSC_1575-200x300.jpg\" \/>\n<meta name=\"twitter:card\" content=\"summary_large_image\" \/>\n<meta name=\"twitter:label1\" content=\"Est. reading time\" \/>\n\t<meta name=\"twitter:data1\" content=\"1 minut\u0117\" \/>\n<script type=\"application\/ld+json\" class=\"yoast-schema-graph\">{\"@context\":\"https:\/\/schema.org\",\"@graph\":[{\"@type\":\"WebPage\",\"@id\":\"https:\/\/www.paupionotaras.lt\/index.php\/kontaktai\/\",\"url\":\"https:\/\/www.paupionotaras.lt\/index.php\/kontaktai\/\",\"name\":\"Kontaktai - Vilniaus m. 12-asis notaro biuras\",\"isPartOf\":{\"@id\":\"https:\/\/www.paupionotaras.lt\/#website\"},\"datePublished\":\"2016-01-01T13:39:24+00:00\",\"dateModified\":\"2026-01-07T19:52:27+00:00\",\"description\":\"Notar\u0117\u00a0Vykinta Jokantait\u0117-Birbilien\u0117, kontaktai: +370 630 00793, vykinta.birbiliene@notarai.lt, Auk\u0161tai\u010di\u0173 g. 10-138,\u00a0LT-11341 Vilnius, Paupys\",\"breadcrumb\":{\"@id\":\"https:\/\/www.paupionotaras.lt\/index.php\/kontaktai\/#breadcrumb\"},\"inLanguage\":\"lt-LT\",\"potentialAction\":[{\"@type\":\"ReadAction\",\"target\":[\"https:\/\/www.paupionotaras.lt\/index.php\/kontaktai\/\"]}]},{\"@type\":\"BreadcrumbList\",\"@id\":\"https:\/\/www.paupionotaras.lt\/index.php\/kontaktai\/#breadcrumb\",\"itemListElement\":[{\"@type\":\"ListItem\",\"position\":1,\"name\":\"Home\",\"item\":\"https:\/\/www.paupionotaras.lt\/\"},{\"@type\":\"ListItem\",\"position\":2,\"name\":\"Kontaktai\"}]},{\"@type\":\"WebSite\",\"@id\":\"https:\/\/www.paupionotaras.lt\/#website\",\"url\":\"https:\/\/www.paupionotaras.lt\/\",\"name\":\"Vilniaus m. 12-asis notaro biuras\",\"description\":\"Notar\u0117 Vykinta Jokantait\u0117-Birbilien\u0117\",\"publisher\":{\"@id\":\"https:\/\/www.paupionotaras.lt\/#organization\"},\"alternateName\":\"Paupio notaras, visos notarin\u0117s paslaugos Paupyje\",\"potentialAction\":[{\"@type\":\"SearchAction\",\"target\":{\"@type\":\"EntryPoint\",\"urlTemplate\":\"https:\/\/www.paupionotaras.lt\/?s={search_term_string}\"},\"query-input\":\"required name=search_term_string\"}],\"inLanguage\":\"lt-LT\"},{\"@type\":\"Organization\",\"@id\":\"https:\/\/www.paupionotaras.lt\/#organization\",\"name\":\"Vilniaus m. 12-asis notaro biuras\",\"alternateName\":\"Paupio notaras, visos notarin\u0117s paslaugos Paupyje\",\"url\":\"https:\/\/www.paupionotaras.lt\/\",\"logo\":{\"@type\":\"ImageObject\",\"inLanguage\":\"lt-LT\",\"@id\":\"https:\/\/www.paupionotaras.lt\/#\/schema\/logo\/image\/\",\"url\":\"https:\/\/www.paupionotaras.lt\/wp-content\/uploads\/2016\/01\/Notaras.jpg\",\"contentUrl\":\"https:\/\/www.paupionotaras.lt\/wp-content\/uploads\/2016\/01\/Notaras.jpg\",\"width\":490,\"height\":290,\"caption\":\"Vilniaus m. 12-asis notaro biuras\"},\"image\":{\"@id\":\"https:\/\/www.paupionotaras.lt\/#\/schema\/logo\/image\/\"}}]}<\/script>\n<!-- \/ Yoast SEO plugin. -->","yoast_head_json":{"title":"Kontaktai - Vilniaus m. 12-asis notaro biuras","description":"Notar\u0117\u00a0Vykinta Jokantait\u0117-Birbilien\u0117, kontaktai: +370 630 00793, vykinta.birbiliene@notarai.lt, Auk\u0161tai\u010di\u0173 g. 10-138,\u00a0LT-11341 Vilnius, Paupys","robots":{"index":"index","follow":"follow","max-snippet":"max-snippet:-1","max-image-preview":"max-image-preview:large","max-video-preview":"max-video-preview:-1"},"canonical":"https:\/\/www.paupionotaras.lt\/index.php\/kontaktai\/","og_locale":"lt_LT","og_type":"article","og_title":"Kontaktai - Vilniaus m. 12-asis notaro biuras","og_description":"Notar\u0117\u00a0Vykinta Jokantait\u0117-Birbilien\u0117, kontaktai: +370 630 00793, vykinta.birbiliene@notarai.lt, Auk\u0161tai\u010di\u0173 g. 10-138,\u00a0LT-11341 Vilnius, Paupys","og_url":"https:\/\/www.paupionotaras.lt\/index.php\/kontaktai\/","og_site_name":"Vilniaus m. 12-asis notaro biuras","article_modified_time":"2026-01-07T19:52:27+00:00","og_image":[{"url":"https:\/\/www.paupionotaras.lt\/wp-content\/uploads\/2024\/02\/DSC_1575-200x300.jpg"}],"twitter_card":"summary_large_image","twitter_misc":{"Est. reading time":"1 minut\u0117"},"schema":{"@context":"https:\/\/schema.org","@graph":[{"@type":"WebPage","@id":"https:\/\/www.paupionotaras.lt\/index.php\/kontaktai\/","url":"https:\/\/www.paupionotaras.lt\/index.php\/kontaktai\/","name":"Kontaktai - Vilniaus m. 12-asis notaro biuras","isPartOf":{"@id":"https:\/\/www.paupionotaras.lt\/#website"},"datePublished":"2016-01-01T13:39:24+00:00","dateModified":"2026-01-07T19:52:27+00:00","description":"Notar\u0117\u00a0Vykinta Jokantait\u0117-Birbilien\u0117, kontaktai: +370 630 00793, vykinta.birbiliene@notarai.lt, Auk\u0161tai\u010di\u0173 g. 10-138,\u00a0LT-11341 Vilnius, Paupys","breadcrumb":{"@id":"https:\/\/www.paupionotaras.lt\/index.php\/kontaktai\/#breadcrumb"},"inLanguage":"lt-LT","potentialAction":[{"@type":"ReadAction","target":["https:\/\/www.paupionotaras.lt\/index.php\/kontaktai\/"]}]},{"@type":"BreadcrumbList","@id":"https:\/\/www.paupionotaras.lt\/index.php\/kontaktai\/#breadcrumb","itemListElement":[{"@type":"ListItem","position":1,"name":"Home","item":"https:\/\/www.paupionotaras.lt\/"},{"@type":"ListItem","position":2,"name":"Kontaktai"}]},{"@type":"WebSite","@id":"https:\/\/www.paupionotaras.lt\/#website","url":"https:\/\/www.paupionotaras.lt\/","name":"Vilniaus m. 12-asis notaro biuras","description":"Notar\u0117 Vykinta Jokantait\u0117-Birbilien\u0117","publisher":{"@id":"https:\/\/www.paupionotaras.lt\/#organization"},"alternateName":"Paupio notaras, visos notarin\u0117s paslaugos Paupyje","potentialAction":[{"@type":"SearchAction","target":{"@type":"EntryPoint","urlTemplate":"https:\/\/www.paupionotaras.lt\/?s={search_term_string}"},"query-input":"required name=search_term_string"}],"inLanguage":"lt-LT"},{"@type":"Organization","@id":"https:\/\/www.paupionotaras.lt\/#organization","name":"Vilniaus m. 12-asis notaro biuras","alternateName":"Paupio notaras, visos notarin\u0117s paslaugos Paupyje","url":"https:\/\/www.paupionotaras.lt\/","logo":{"@type":"ImageObject","inLanguage":"lt-LT","@id":"https:\/\/www.paupionotaras.lt\/#\/schema\/logo\/image\/","url":"https:\/\/www.paupionotaras.lt\/wp-content\/uploads\/2016\/01\/Notaras.jpg","contentUrl":"https:\/\/www.paupionotaras.lt\/wp-content\/uploads\/2016\/01\/Notaras.jpg","width":490,"height":290,"caption":"Vilniaus m. 12-asis notaro biuras"},"image":{"@id":"https:\/\/www.paupionotaras.lt\/#\/schema\/logo\/image\/"}}]}},"_links":{"self":[{"href":"https:\/\/www.paupionotaras.lt\/index.php\/wp-json\/wp\/v2\/pages\/9","targetHints":{"allow":["GET"]}}],"collection":[{"href":"https:\/\/www.paupionotaras.lt\/index.php\/wp-json\/wp\/v2\/pages"}],"about":[{"href":"https:\/\/www.paupionotaras.lt\/index.php\/wp-json\/wp\/v2\/types\/page"}],"author":[{"embeddable":true,"href":"https:\/\/www.paupionotaras.lt\/index.php\/wp-json\/wp\/v2\/users\/1"}],"replies":[{"embeddable":true,"href":"https:\/\/www.paupionotaras.lt\/index.php\/wp-json\/wp\/v2\/comments?post=9"}],"version-history":[{"count":51,"href":"https:\/\/www.paupionotaras.lt\/index.php\/wp-json\/wp\/v2\/pages\/9\/revisions"}],"predecessor-version":[{"id":647,"href":"https:\/\/www.paupionotaras.lt\/index.php\/wp-json\/wp\/v2\/pages\/9\/revisions\/647"}],"wp:attachment":[{"href":"https:\/\/www.paupionotaras.lt\/index.php\/wp-json\/wp\/v2\/media?parent=9"}],"curies":[{"name":"wp","href":"https:\/\/api.w.org\/{rel}","templated":true}]}}