{"id":20,"date":"2016-01-01T19:41:00","date_gmt":"2016-01-01T19:41:00","guid":{"rendered":"http:\/\/192.168.1.202:90\/?page_id=20"},"modified":"2016-02-19T23:38:58","modified_gmt":"2016-02-19T21:38:58","slug":"naujienos","status":"publish","type":"page","link":"https:\/\/www.paupionotaras.lt\/index.php\/naujienos\/","title":{"rendered":"Naujienos"},"content":{"rendered":"","protected":false},"excerpt":{"rendered":"","protected":false},"author":1,"featured_media":0,"parent":0,"menu_order":0,"comment_status":"closed","ping_status":"closed","template":"page-blog.php","meta":{"_exactmetrics_skip_tracking":false,"_exactmetrics_sitenote_active":false,"_exactmetrics_sitenote_note":"","_exactmetrics_sitenote_category":0,"footnotes":""},"class_list":["post-20","page","type-page","status-publish","hentry"],"yoast_head":"<!-- This site is optimized with the Yoast SEO plugin v21.8 - https:\/\/yoast.com\/wordpress\/plugins\/seo\/ -->\n<title>Naujienos - Vilniaus m. 12-asis notaro biuras<\/title>\n<meta name=\"description\" content=\"Naujienos\" \/>\n<meta name=\"robots\" content=\"index, follow, max-snippet:-1, max-image-preview:large, max-video-preview:-1\" \/>\n<link rel=\"canonical\" href=\"https:\/\/www.paupionotaras.lt\/index.php\/naujienos\/\" \/>\n<meta property=\"og:locale\" content=\"lt_LT\" \/>\n<meta property=\"og:type\" content=\"article\" \/>\n<meta property=\"og:title\" content=\"Naujienos - Vilniaus m. 12-asis notaro biuras\" \/>\n<meta property=\"og:description\" content=\"Naujienos\" \/>\n<meta property=\"og:url\" content=\"https:\/\/www.paupionotaras.lt\/index.php\/naujienos\/\" \/>\n<meta property=\"og:site_name\" content=\"Vilniaus m. 12-asis notaro biuras\" \/>\n<meta property=\"article:modified_time\" content=\"2016-02-19T21:38:58+00:00\" \/>\n<meta name=\"twitter:card\" content=\"summary_large_image\" \/>\n<script type=\"application\/ld+json\" class=\"yoast-schema-graph\">{\"@context\":\"https:\/\/schema.org\",\"@graph\":[{\"@type\":\"WebPage\",\"@id\":\"https:\/\/www.paupionotaras.lt\/index.php\/naujienos\/\",\"url\":\"https:\/\/www.paupionotaras.lt\/index.php\/naujienos\/\",\"name\":\"Naujienos - Vilniaus m. 12-asis notaro biuras\",\"isPartOf\":{\"@id\":\"https:\/\/www.paupionotaras.lt\/#website\"},\"datePublished\":\"2016-01-01T19:41:00+00:00\",\"dateModified\":\"2016-02-19T21:38:58+00:00\",\"description\":\"Naujienos\",\"breadcrumb\":{\"@id\":\"https:\/\/www.paupionotaras.lt\/index.php\/naujienos\/#breadcrumb\"},\"inLanguage\":\"lt-LT\",\"potentialAction\":[{\"@type\":\"ReadAction\",\"target\":[\"https:\/\/www.paupionotaras.lt\/index.php\/naujienos\/\"]}]},{\"@type\":\"BreadcrumbList\",\"@id\":\"https:\/\/www.paupionotaras.lt\/index.php\/naujienos\/#breadcrumb\",\"itemListElement\":[{\"@type\":\"ListItem\",\"position\":1,\"name\":\"Home\",\"item\":\"https:\/\/www.paupionotaras.lt\/\"},{\"@type\":\"ListItem\",\"position\":2,\"name\":\"Naujienos\"}]},{\"@type\":\"WebSite\",\"@id\":\"https:\/\/www.paupionotaras.lt\/#website\",\"url\":\"https:\/\/www.paupionotaras.lt\/\",\"name\":\"Vilniaus m. 12-asis notaro biuras\",\"description\":\"Notar\u0117 Vykinta Jokantait\u0117-Birbilien\u0117\",\"publisher\":{\"@id\":\"https:\/\/www.paupionotaras.lt\/#organization\"},\"alternateName\":\"Paupio notaras, visos notarin\u0117s paslaugos Paupyje\",\"potentialAction\":[{\"@type\":\"SearchAction\",\"target\":{\"@type\":\"EntryPoint\",\"urlTemplate\":\"https:\/\/www.paupionotaras.lt\/?s={search_term_string}\"},\"query-input\":\"required name=search_term_string\"}],\"inLanguage\":\"lt-LT\"},{\"@type\":\"Organization\",\"@id\":\"https:\/\/www.paupionotaras.lt\/#organization\",\"name\":\"Vilniaus m. 12-asis notaro biuras\",\"alternateName\":\"Paupio notaras, visos notarin\u0117s paslaugos Paupyje\",\"url\":\"https:\/\/www.paupionotaras.lt\/\",\"logo\":{\"@type\":\"ImageObject\",\"inLanguage\":\"lt-LT\",\"@id\":\"https:\/\/www.paupionotaras.lt\/#\/schema\/logo\/image\/\",\"url\":\"https:\/\/www.paupionotaras.lt\/wp-content\/uploads\/2016\/01\/Notaras.jpg\",\"contentUrl\":\"https:\/\/www.paupionotaras.lt\/wp-content\/uploads\/2016\/01\/Notaras.jpg\",\"width\":490,\"height\":290,\"caption\":\"Vilniaus m. 12-asis notaro biuras\"},\"image\":{\"@id\":\"https:\/\/www.paupionotaras.lt\/#\/schema\/logo\/image\/\"}}]}<\/script>\n<!-- \/ Yoast SEO plugin. -->","yoast_head_json":{"title":"Naujienos - Vilniaus m. 12-asis notaro biuras","description":"Naujienos","robots":{"index":"index","follow":"follow","max-snippet":"max-snippet:-1","max-image-preview":"max-image-preview:large","max-video-preview":"max-video-preview:-1"},"canonical":"https:\/\/www.paupionotaras.lt\/index.php\/naujienos\/","og_locale":"lt_LT","og_type":"article","og_title":"Naujienos - Vilniaus m. 12-asis notaro biuras","og_description":"Naujienos","og_url":"https:\/\/www.paupionotaras.lt\/index.php\/naujienos\/","og_site_name":"Vilniaus m. 12-asis notaro biuras","article_modified_time":"2016-02-19T21:38:58+00:00","twitter_card":"summary_large_image","schema":{"@context":"https:\/\/schema.org","@graph":[{"@type":"WebPage","@id":"https:\/\/www.paupionotaras.lt\/index.php\/naujienos\/","url":"https:\/\/www.paupionotaras.lt\/index.php\/naujienos\/","name":"Naujienos - Vilniaus m. 12-asis notaro biuras","isPartOf":{"@id":"https:\/\/www.paupionotaras.lt\/#website"},"datePublished":"2016-01-01T19:41:00+00:00","dateModified":"2016-02-19T21:38:58+00:00","description":"Naujienos","breadcrumb":{"@id":"https:\/\/www.paupionotaras.lt\/index.php\/naujienos\/#breadcrumb"},"inLanguage":"lt-LT","potentialAction":[{"@type":"ReadAction","target":["https:\/\/www.paupionotaras.lt\/index.php\/naujienos\/"]}]},{"@type":"BreadcrumbList","@id":"https:\/\/www.paupionotaras.lt\/index.php\/naujienos\/#breadcrumb","itemListElement":[{"@type":"ListItem","position":1,"name":"Home","item":"https:\/\/www.paupionotaras.lt\/"},{"@type":"ListItem","position":2,"name":"Naujienos"}]},{"@type":"WebSite","@id":"https:\/\/www.paupionotaras.lt\/#website","url":"https:\/\/www.paupionotaras.lt\/","name":"Vilniaus m. 12-asis notaro biuras","description":"Notar\u0117 Vykinta Jokantait\u0117-Birbilien\u0117","publisher":{"@id":"https:\/\/www.paupionotaras.lt\/#organization"},"alternateName":"Paupio notaras, visos notarin\u0117s paslaugos Paupyje","potentialAction":[{"@type":"SearchAction","target":{"@type":"EntryPoint","urlTemplate":"https:\/\/www.paupionotaras.lt\/?s={search_term_string}"},"query-input":"required name=search_term_string"}],"inLanguage":"lt-LT"},{"@type":"Organization","@id":"https:\/\/www.paupionotaras.lt\/#organization","name":"Vilniaus m. 12-asis notaro biuras","alternateName":"Paupio notaras, visos notarin\u0117s paslaugos Paupyje","url":"https:\/\/www.paupionotaras.lt\/","logo":{"@type":"ImageObject","inLanguage":"lt-LT","@id":"https:\/\/www.paupionotaras.lt\/#\/schema\/logo\/image\/","url":"https:\/\/www.paupionotaras.lt\/wp-content\/uploads\/2016\/01\/Notaras.jpg","contentUrl":"https:\/\/www.paupionotaras.lt\/wp-content\/uploads\/2016\/01\/Notaras.jpg","width":490,"height":290,"caption":"Vilniaus m. 12-asis notaro biuras"},"image":{"@id":"https:\/\/www.paupionotaras.lt\/#\/schema\/logo\/image\/"}}]}},"_links":{"self":[{"href":"https:\/\/www.paupionotaras.lt\/index.php\/wp-json\/wp\/v2\/pages\/20","targetHints":{"allow":["GET"]}}],"collection":[{"href":"https:\/\/www.paupionotaras.lt\/index.php\/wp-json\/wp\/v2\/pages"}],"about":[{"href":"https:\/\/www.paupionotaras.lt\/index.php\/wp-json\/wp\/v2\/types\/page"}],"author":[{"embeddable":true,"href":"https:\/\/www.paupionotaras.lt\/index.php\/wp-json\/wp\/v2\/users\/1"}],"replies":[{"embeddable":true,"href":"https:\/\/www.paupionotaras.lt\/index.php\/wp-json\/wp\/v2\/comments?post=20"}],"version-history":[{"count":1,"href":"https:\/\/www.paupionotaras.lt\/index.php\/wp-json\/wp\/v2\/pages\/20\/revisions"}],"predecessor-version":[{"id":21,"href":"https:\/\/www.paupionotaras.lt\/index.php\/wp-json\/wp\/v2\/pages\/20\/revisions\/21"}],"wp:attachment":[{"href":"https:\/\/www.paupionotaras.lt\/index.php\/wp-json\/wp\/v2\/media?parent=20"}],"curies":[{"name":"wp","href":"https:\/\/api.w.org\/{rel}","templated":true}]}}